n divisor of x and n.
25
Suppose -n - i + 1124 = 2*n, -2*i + 752 = 2*n. Suppose n = 10*k + 7*k. Calculate the highest common factor of 77 and k.
11
Let j be (30/40)/((-6)/(-104)). Suppose 8324 = 31*u - 3363. Calculate the greatest common divisor of j and u.
13
Let i(b) = -b**2 + 10*b + 34. Let y be i(7). What is the highest common divisor of 1188 and y?
11
Suppose -137*p = -43*p - 168542. What is the greatest common divisor of p and 11?
11
Let u be 0 + 4496/(2 + 2). Let x = -496 + u. What is the greatest common factor of x and 4?
4
Let q(s) = -70*s + 16. Let v be q(1). Let o be 12/v + (0 - 222/(-27)). What is the greatest common factor of o and 112?
8
Let c = 41574 - 41426. Calculate the greatest common factor of 4958 and c.
74
Suppose -191 = 11*z - 14*z - 2*o, 4*o - 67 = -z. Calculate the highest common divisor of z and 1089.
9
Let o be (17 + (-57)/3)/((-4)/402). What is the highest common factor of o and 1407?
201
Suppose 261 = -3*s - g, 3*s = s - 3*g - 167. Let u = 190 + s. Let b(c) = -c - 10. Let a be b(-16). Calculate the greatest common divisor of a and u.
6
Suppose 7*q - 12*q = f, 0 = 2*f - q - 55. Suppose 865 = 10*n - 1885. What is the highest common divisor of n and f?
25
Let p(g) = 4*g - 12. Let h be p(6). Let l(d) = d**2 - 18*d - 41. Let x be l(18). Let i = x - -53. Calculate the greatest common divisor of i and h.
12
Let i(h) = 4*h**2 - 1. Let d be i(-2). Suppose -293*j + 825 = 239. Calculate the highest common factor of j and d.
1
Suppose 38*r - 57*r + 665 = 0. Suppose 14*f + r*f - 43953 = 0. Calculate the highest common factor of f and 69.
69
Let l(d) = 21*d - 14. Let j(y) = y**2 + 15*y + 9. Let w be j(-14). Let q be 4/w*30/(-6). Let r be l(q). What is the highest common factor of r and 7?
7
Let m(f) = f + 6. Let l be (1 + -18)/(9/(-9)). Let y be m(l). Let u = y - 19. What is the highest common factor of 8 and u?
4
Let j(n) = 99*n + 451. Let l(b) = 49*b + 227. Let q(m) = 2*j(m) - 5*l(m). Let f be q(-7). Calculate the greatest common factor of 128 and f.
32
Let a = -540 - -616. What is the highest common factor of 418 and a?
38
Let y = 25703 + -25698. Calculate the highest common factor of 311 and y.
1
Let l(s) = -2*s + 0*s - 9 + 6*s - 2*s. Let y be l(11). Suppose 0 = -5*j + 3*b + 721, 4*j + 5*b - 419 = j. Calculate the highest common factor of y and j.
13
Let t(v) = -v**2 - 77*v - 747. Let k be t(-13). Calculate the highest common factor of 17 and k.
17
Let c(s) = -7*s - 193. Let l be c(-40). What is the highest common divisor of l and 1943?
29
Suppose 3*x - 2*d = 9, -4*x - 15*d + 12 = -20*d. Suppose 23 = -x*w + s + 38, 4*s - 10 = -2*w. What is the greatest common factor of 155 and w?
5
Let m be (301/21 - 14) + (-16)/3 - -4442. What is the greatest common divisor of m and 153?
153
Let z(o) = -7*o**2 + 322*o - 339. Let u be z(30). What is the greatest common factor of u and 1113?
159
Let p = -3941 + 4130. What is the greatest common factor of 28 and p?
7
Let z be -70*2*(-38)/8. Calculate the greatest common factor of 2793 and z.
133
Let m be 33/((-3927)/(-216376)) + 16/(-7) + 2. Calculate the greatest common divisor of 1010 and m.
202
Suppose 2*w + 3*w = -5. Let k be (-386)/(-2) + -4 + w + 3. Let j = k - 29. What is the highest common divisor of j and 18?
18
Let m be (-4)/38 - (-70)/(-190)*-3. Let g be -6*((-1668)/24 + m/(-2)). Calculate the greatest common divisor of 21 and g.
21
Suppose 23 + 2 = 5*g. Suppose 2 = g*i - 118. Suppose 3*j - 4*j + 64 = 4*d, 5*j + 64 = 4*d. What is the highest common factor of d and i?
8
Let k = -21 + 21. Suppose -3*o + 173 = 4*r, k*r - 2*o - 90 = -2*r. Calculate the highest common factor of 4 and r.
4
Suppose -21*p = -5*l - 18*p + 10789, -2*p = -2*l + 4318. Calculate the greatest common factor of l and 88.
44
Let g(u) = 56*u + 644. Let m be g(-10). Calculate the greatest common divisor of 384 and m.
12
Suppose 57*f = 66*f - 216. Let p(z) = 2*z**2 - 34*z + 36. Let b be p(f). What is the highest common divisor of b and 12?
12
Let m(v) = 3*v**3 + 46*v**2 + 49*v + 60. Let s be m(-14). What is the highest common divisor of s and 3239?
79
Suppose -3*o = 13*o - 23504. Suppose 975 = 4*u + 3*q, -5*q - 249 = 5*u - o. Calculate the highest common divisor of 27 and u.
27
Let f = 3228 - 3209. Suppose 3*v = -20 + 134. Calculate the highest common factor of v and f.
19
Suppose 137 = 3*r + 155, 0 = -x + 16*r + 114. Suppose d - 56 = -176. Let k = d - -174. What is the greatest common factor of x and k?
18
Let a be (-3*4/(-12))/((5/581)/5). Calculate the greatest common factor of 415 and a.
83
Let c(u) = 947*u**3 - 2*u**2 + 1. Let w be c(1). Suppose -3*o = n - 20, -13*o - 7 = -2*n - 8*o. Calculate the highest common divisor of n and w.
11
Let z be -51*((-15)/(-6) - 3)*8. Let j be -4*(5 - z/16). Let u be (3 - -1)*(-3 + j). Calculate the greatest common divisor of 7 and u.
7
Let t be (-90 + 62)*2/(-4)*1. Let c be 224*(1*6/8 - 0). Calculate the greatest common factor of c and t.
14
Let p(d) = -19 + 2*d - 18 + 70 + 3*d. Let u be p(-6). Let f(j) = 2*j**2 - 3*j + 2. Let w be f(2). What is the greatest common divisor of w and u?
1
Suppose -48 = -4*y + 2*z, 4*y - 37 = y + z. Let k be (74 - 4) + (-91)/y. Calculate the greatest common divisor of k and 147.
21
Let b be (15/(-150))/((-2)/(-8))*-15. Calculate the greatest common divisor of 1680 and b.
6
Suppose r = -4*f - 167, r - 2*r - 83 = 2*f. Let l be (1 + -5 - 1) + f. Let m = 77 + l. Calculate the greatest common factor of 20 and m.
10
Let g be (6 - 0)*4/6. Suppose -5*p - 210 = -g*r + 146, -r = 4*p - 110. Suppose -14 = 5*u - r. What is the greatest common divisor of 4 and u?
4
Let y = -2440 + 2532. Suppose 3*n + 1460 = 4*j, -j - j + 5*n + 716 = 0. What is the greatest common divisor of j and y?
92
Suppose z + 3*j = -3*z + 179, z - 3*j = 26. Suppose -4*s - b = -z, 4*b + 17 = 5*s - 8. What is the greatest common divisor of s and 9?
9
Suppose -2*w + 1008 = -0*w. Let b(u) = 134*u + 2158. Let s be b(-16). What is the highest common divisor of s and w?
14
Suppose -4327*x - 4227 = -5*m - 4330*x, 5*m - 5*x = 4315. Let a(h) = -h**3 - 3*h**2 - 3*h + 3. Let q be a(-3). What is the greatest common factor of m and q?
12
Let g(c) = -40*c - 1565. Let u be g(-47). Calculate the highest common factor of u and 120.
15
Let g(x) = -132*x**3 - 4*x**2 - 47*x - 18. Let f be g(-4). What is the greatest common factor of f and 182?
182
Suppose -3*f - 1220 = -5*o, o = -92*f + 95*f + 256. Calculate the greatest common factor of 6025 and o.
241
Suppose 19*x = 468 - 297. What is the highest common divisor of x and 2277?
9
Let s = 16970 - 16954. Let l = -34 + 498. Calculate the greatest common factor of l and s.
16
Suppose 11*q - 7*q = 418 - 138. Calculate the greatest common factor of 16310 and q.
70
Suppose -4*j = 3*r + 9 + 1, 2*j = 2*r - 12. Calculate the greatest common divisor of 440 and r.
2
Let x(v) be the third derivative of v**5/60 + v**4/24 + v**3/3 - 65*v**2. Let p be x(4). Calculate the highest common factor of p and 418.
22
Suppose 98304 = 255*q + q. Calculate the greatest common factor of q and 4480.
128
Let u = -1077 - -713. Let x = -358 - u. Let k(g) = g**3 - 8*g**2 + 2*g + 8. Let b be k(8). Calculate the greatest common divisor of b and x.
6
Suppose -3*m = 3*v - 21, v - 22 = -4*m - v. Let y = -8720 - -8784. Calculate the highest common factor of m and y.
4
Let y(n) = 2*n - 5. Let j be y(4). Suppose -j*q + 17 = 2. Let z(f) = f**2 + 210*f - 5614. Let i be z(24). What is the greatest common divisor of i and q?
1
Let j = -1138 - -1671. Let c be ((-4)/2)/((110/1859)/10). Let x = j + c. What is the highest common divisor of x and 78?
39
Let s = 44560 - 44376. Suppose -m - 23 = -2*m. What is the highest common factor of m and s?
23
Let i = 3276 + -3183. Let o = 44 + -41. What is the greatest common factor of o and i?
3
Let u = -8425 + 8453. Calculate the highest common divisor of 1890 and u.
14
Let z = 115348 - 73945. Calculate the greatest common divisor of 111 and z.
111
Let u be -3 + (76 - 2) - -1. Let i = -195 + u. Let b be (i/(-9) - 3) + (-1)/(-3). What is the highest common factor of 77 and b?
11
Let y(s) = 5*s**2 + 86*s + 785. Let v be y(-11). What is the highest common factor of v and 528?
12
Let p = 49 + -47. Suppose 0 = p*w + 5*b - 1975, 7*w - 9*w + 5*b = -1985. Calculate the great